s the remainder when 20 is divided by p(g)?
6
Suppose 5293*t = 5289*t + 148. What is the remainder when 96 is divided by t?
22
Let t(d) = 118*d**2 - 5*d - 23. Calculate the remainder when t(-6) is divided by 76.
75
Suppose 49 = d - p - 24, 0 = -4*p - 16. Let j(x) = x**2 - 7*x + 2. What is the remainder when d is divided by j(8)?
9
Let c = 790 + -306. Calculate the remainder when c is divided by 44.
0
Suppose -35*c - 20264 = -69264. Calculate the remainder when c is divided by 118.
102
Suppose -5*p + 30*m = -45495, 2*p + 52*m = 48*m + 18102. What is the remainder when p is divided by 206?
205
Let g be 55/15 - (-2)/6. Suppose m = 5*b + 53, -4*b + b - 212 = -g*m. What is the remainder when m is divided by 18?
17
Let f = 114 + -81. Suppose 21*j - 17*j + 96 = 4*w, 2 = -2*j. What is the remainder when f is divided by w?
10
Suppose -18741 + 13473 = -225*u + 23982. Let k = 45 - 30. What is the remainder when u is divided by k?
10
Suppose 26 - 91 = -13*u. Let w(i) = -i**3 + 9*i**2 - i - 4. What is the remainder when w(u) is divided by 17?
6
Suppose -3*a + 6*a - 129 = 0. Suppose -81*n = 14*n + 15*n - 1760. Calculate the remainder when a is divided by n.
11
Let c be -3 - 382/(-4) - 15/6. Suppose 5*y + c = 11*y. What is the remainder when 83 is divided by y?
8
Suppose 3*n - 3*c = 1167, -37*n + 1153 = -34*n - c. Calculate the remainder when n is divided by 191.
0
What is the remainder when 206 is divided by 44/3*(-303)/(-404)?
8
Let u(q) = 3*q**2 - 30*q + 18. Let x = -29 + 39. What is the remainder when 35 is divided by u(x)?
17
Let y be (35/(-14))/(2/(-156)*1). Suppose 9*q + 4*q - y = 0. What is the remainder when 86 is divided by q?
11
Let l = 360 + -352. Suppose 0 = -l*g + 5*g + 21. What is the remainder when 24 is divided by g?
3
Suppose 14*l + 6*b = 11*l + 1338, 0 = -l - b + 443. What is the remainder when l is divided by 64?
56
Let q be ((-2)/(-2))/((12/256)/(-3)). Let o = -49 - q. Let d(x) = x + 8. Calculate the remainder when d(o) is divided by 8.
7
Suppose 319 + 173 = 4*g. Let x = -287 + 309. What is the remainder when g is divided by x?
13
Suppose -3*j = 5*l - 125, -2*l = -2*j - 2*j + 158. Let u(w) = 4378*w + 223557. What is the remainder when u(-51) is divided by j?
39
Let w(v) = v - 4*v + 5 - v**2 - v**2 + 5*v**2. Let d = -191 + 193. Calculate the remainder when 20 is divided by w(d).
9
Let a = 189 + -189. Suppose -4*o - 5*z + 29 = -2*z, o - 5*z - 36 = a. What is the remainder when 63 is divided by o?
8
Suppose 4*j + 5*h + 205 = 0, 5*h = 4*j - 7*j - 160. Let m = -22 - j. Calculate the remainder when (-1054)/527*((-71)/2 + 2) is divided by m.
21
Let o be (-27)/9 + 15*3. Suppose -21*n + o = -14*n. Suppose 2*y - 6*x + 4*x = 168, 3*y = 5*x + 246. Calculate the remainder when y is divided by n.
3
Suppose 3*y = -3*h + 210, 3*h + 7*y = -31 + 229. What is the remainder when 429 is divided by h?
64
Suppose -2*y - 3*j + 177 = -116, y + 4*j - 144 = 0. Let s = -1116 + 1131. Calculate the remainder when y is divided by s.
13
Let z = -67 - -97. Let q be (5/(z/4))/((-2)/(-384)). Suppose j - 134 = -5*w + q, -2*w = -2*j - 112. Calculate the remainder when w is divided by 11.
9
Let i(v) = v**3 - 5*v**2 - 14*v - 2. Let x be i(7). What is the remainder when 33 is divided by (-13)/x - (-7)/(-70)*15?
3
Suppose 73*p - 2174 = 3496 - 706. What is the remainder when 949 is divided by p?
65
Suppose -300 = -717*k + 692*k. What is the remainder when ((6 - 2) + -339)*-2 is divided by k?
10
Calculate the remainder when 383 is divided by 2/(-4) - ((-21)/30)/((-21)/(-1995)).
53
Let j = 16 - -14. What is the remainder when (-5960272)/(-70064) + (-2)/29 is divided by j?
25
Suppose -203 - 199 = -17*w + 40. Calculate the remainder when 3821 is divided by w.
25
Suppose -4*d - 399 - 69 = 0. Let g = -84 - d. What is the remainder when g is divided by 12?
9
What is the remainder when (3/(-9))/(22 + 19023462/(-864702)) is divided by 8?
5
Suppose 5*z + 125 = y + 2*z, -4*z = -5*y + 680. Suppose 20*p = 15*p + y. What is the remainder when 50 is divided by p?
22
Suppose -2*o - 30 = -42. What is the remainder when 33 is divided by o?
3
Let z(a) = -a**2 - 4*a. Let f be z(-3). Let u = f - -11. What is the remainder when 52 is divided by u?
10
Let j(z) = -3*z**3 - 9*z**2 + 3*z + 17. Let t(c) = c**3 - 11*c**2 + 11*c - 15. Let l be t(10). Calculate the remainder when j(l) is divided by 53.
46
Suppose 2*u + 26 = 3*u. Suppose 7*i - 12 = i. Suppose -6*c + c = i*n - 767, -4*n = -5*c + 791. Calculate the remainder when c is divided by u.
25
Suppose -2*g + 364 + 169 = -s, -4*s + 1036 = 4*g. Suppose -4*a + 10*a - g = 0. What is the remainder when a is divided by 9?
8
Suppose -5*k - 139 = -3*b, -54*b = -52*b + 2*k - 66. Calculate the remainder when 1212 is divided by b.
34
Suppose -5*k + 7745 = -5*y + y, 2*k - 3091 = 3*y. What is the remainder when k is divided by 158?
131
Let b be 0*(-4 - (-39)/9) - -12. Let k(z) be the first derivative of -z**4/4 + 11*z**3/3 + 7*z**2 + 9*z - 4. What is the remainder when 96 is divided by k(b)?
30
Let x = -1951 - -2074. What is the remainder when 473 is divided by x?
104
Let r be (1 + 4)*(0 + 12/15). Suppose -116 = -r*l - 4*i, 4*l - 3*i + 8*i - 118 = 0. Calculate the remainder when 779 is divided by l.
23
Let s(x) = -x**3 + 4*x**2 + 4*x + 257. Let o be s(0). Suppose -o = -3*l + 244. What is the remainder when l is divided by 56?
55
Let t(g) = g**3 - 10*g**2 + 7*g - 13. Let r be t(9). Let q = r - -66. Let l = 5 + q. What is the remainder when l is divided by 21?
19
Let j(m) = -27*m**3 + 163*m**2 - 2*m - 5. Calculate the remainder when 23 is divided by j(6).
4
Suppose 0 = 8*l + 8*l - 48. Let g be (((-36)/10)/l)/(2/15). Calculate the remainder when 39 is divided by 20 + (6/(-9))/(6/g).
18
Let t = 2850 - 2825. Calculate the remainder when 3043 is divided by t.
18
Let q = 9779 - 9579. What is the remainder when 301 is divided by q?
101
Let g(u) be the first derivative of -3*u**2/2 + 13*u + 2025. Suppose 4*f = 3*s + 1 + 3, 0 = 3*f - 5*s - 14. What is the remainder when 70 is divided by g(f)?
13
Suppose 0 = -4*t - 47 + 339. Let o = -9 + 19. What is the remainder when t is divided by o?
3
Let w be 3 - (-5 + (1 - 829)). Suppose 8*z - w + 300 = 0. Calculate the remainder when 211 is divided by z.
10
Suppose 455 = -0*z + 5*z. Let j = 127 - z. Calculate the remainder when 143 is divided by j.
35
Let k = 6861 - 6516. What is the remainder when 698 is divided by k?
8
Suppose -3*v = -4*v + 45. Suppose -9*u - v = -14*u. Calculate the remainder when (1 - 4)*(-186)/u is divided by 13.
10
Suppose 79*i = 77*i + 22. What is the remainder when 203 is divided by i?
5
Let r be ((-34)/(-6) - 1)*(-546)/28. Let m = r + 101. What is the remainder when 349 is divided by m?
9
Let s be (-2)/(-4)*(2 - -6). Suppose 2*v - s*i = 60, -4*v + 5*i - 57 = -7*v. What is the remainder when v is divided by 19?
5
Let k(c) = -c**3 - 20*c**2 - 66*c + 56. Let y be k(-5). Suppose 0 = -2*p + p + 7. Let z = p + y. Calculate the remainder when 31 is divided by z.
13
Let b(s) = 88*s - 1041. Suppose -3 = 4*t - 5*t. Suppose -3*x = t*l - 24, -2*l - x + 24 = -3*x. What is the remainder when b(12) is divided by l?
5
Let z(s) = s**3 + 78*s**2 - 6*s - 157. Calculate the remainder when z(-78) is divided by 26.
25
Let r(d) = -d**3 + 3*d + 3. Let u be -6 + (-12)/(-4)*3. Suppose 4*g - 83 = -t, -2*g - 22 = u*t - 71. What is the remainder when r(-4) is divided by g?
15
Let m(f) = -f**2 + 8*f + 188. Calculate the remainder when 685 is divided by m(9).
148
Let n = 52 + -52. Suppose n = 6*v - 35 - 7. Let i = v + 16. What is the remainder when 91 is divided by i?
22
Let k(i) = 7*i**2 - 9*i + 10. Let h be k(8). Let l = h - 275. Let b(n) = -34*n - 414. What is the remainder when l is divided by b(-13)?
27
Let l be (108/16 - 3)/((-6)/(-168)). Suppose -5*v + 4*b = -l, b + 57 = 5*v - 33. Calculate the remainder when 490 is divided by v.
14
Suppose 0 = 5*d - 5*f - 2990, -5*d + 2990 = 14*f - 11*f. Calculate the remainder when d is divided by 40.
38
Let g(l) = 0*l**2 + l**3 + 34*l - 12*l + 6*l**2 - 16*l + 12. Calculate the remainder when 23 is divided by g(-5).
2
Let t = 17010 + -16327. What is the remainder when t is divided by 95?
18
Let y = 159 - -36. Suppose 146*u - 141*u = y. Calculate the remainder when 115 is divided by u.
37
Let j(